{"id":35,"date":"2022-03-13T21:06:35","date_gmt":"2022-03-13T21:06:35","guid":{"rendered":"https:\/\/alternatifgumruk.com\/index.php\/mesmerize\/"},"modified":"2025-02-14T23:03:09","modified_gmt":"2025-02-14T20:03:09","slug":"homepage","status":"publish","type":"page","link":"https:\/\/alternatifgumruk.com\/","title":{"rendered":"Anasayfa"},"content":{"rendered":"<div  id=\"overlappable-4\" style=\"background-color: #ffffff;\" data-label=\"Overlappable\" data-id=\"overlappable-4\" data-export-id=\"overlappable-4\" data-category=\"overlappable\" class=\"overlappable-4 content-section content-section-spacing\" data-overlap=\"true\"><div  class=\"gridContainer\"> <div  data-type=\"row\" class=\"row spaced-cols text-center center-sm content-center-sm\"><div  class=\"col-xs-12 col-sm-4 col-padding\"> <i  class=\"fa icon shadow-large-black aligncenter color1 fa-clone reverse round large\"><\/i> <div  data-type=\"column\" class=\"\"> <h5  class=\"\">M\u0130SYONUMUZ<\/h5> <p  class=\"\">Hizmet verdi\u011fimiz alanlarda, ihtiya\u00e7lar \u00f6l\u00e7\u00fcs\u00fcnde \u00e7\u00f6z\u00fcme k\u0131sa s\u00fcrede ula\u015fmak ve kaliteli anlay\u0131\u015f\u0131m\u0131zdan \u00f6d\u00fcn vermeden s\u00fcrd\u00fcr\u00fclebilir hizmet vermek.<\/p><\/div> <\/div>  <div  class=\"col-xs-12 col-sm-4 col-padding\"> <i  class=\"fa icon shadow-large-black aligncenter color1 fa-fa reverse round large\"><\/i> <div  data-type=\"column\" class=\"\"><h5  class=\"\">V\u0130ZYONUMUZ<\/h5> <p  class=\"\">Uluslararas\u0131 \u00f6l\u00e7eklerde kaliteli ve yenilik\u00e7i bak\u0131\u015f a\u00e7\u0131s\u0131yla lojistik ve g\u00fcmr\u00fckleme alan\u0131nda, hizmette lider olmak.<\/p><\/div> <\/div><\/div> <\/div><\/div><div  id=\"features-3\" style=\"background-color: rgb(245, 250, 253); background-image: none;\" data-label=\"Features\" data-id=\"features-12-card-bordered\" data-export-id=\"features-12-card-bordered\" data-category=\"features\" class=\"features-12-card-bordered content-section content-section-spacing \"><div  class=\"gridContainer\"> <div  class=\"row text-center\"><div  class=\"section-title-col\" data-type=\"column\"> <h2  class=\"\">DANI\u015eMANLIK H\u0130ZMETLER\u0130M\u0130Z<\/h2> <p  class=\"lead\">Alternatif SD , d\u0131\u015f ticaret ve g\u00fcmr\u00fckleme alan\u0131nda firmalar\u0131n ihtiyac\u0131 olan her konuda; tecr\u00fcbeli kadrolar\u0131 ve alt yap\u0131s\u0131 sayesinde dan\u0131\u015fmanl\u0131k hizmetleri sunabilmektedir. Hizmet verilen dan\u0131\u015fmanl\u0131k alanlar\u0131m\u0131z \u015funlard\u0131r.<\/p><\/div> <\/div> <div  class=\"row spaced-cols center-sm content-center-sm\" data-type=\"row\"> <div  class=\"col-sm-6 col-md-4 \"> <div  class=\"card row-card bordered y-move\"> <div  class=\"row\"> <div  class=\"col-sm-fit icon-column\"> <a data-cp-link=\"1\" href=\"https:\/\/alternatifgumruk.com\/index.php\/services\" target=\"_self\" rel=\"noopener\"><i  class=\"fa icon color2 fa-connectdevelop bordered round small\"><\/i><\/a> <\/div> <div  class=\"col-sm\" data-type=\"column\"> <h5  class=\"color2\">Dahilde \u0130\u015fleme \u0130zin Belgesi<\/h5> <\/div> <\/div><\/div> <\/div>   <div  class=\"col-sm-6 col-md-4 \"> <div  class=\"card row-card bordered y-move\"> <div  class=\"row\"> <div  class=\"col-sm-fit icon-column\"> <a data-cp-link=\"1\" href=\"https:\/\/alternatifgumruk.com\/index.php\/services\" target=\"_self\" rel=\"noopener\"><i  class=\"fa icon color2 fa-connectdevelop bordered round small\"><\/i><\/a> <\/div> <div  class=\"col-sm\" data-type=\"column\"> <h5  class=\"color2\">Hari\u00e7te \u0130\u015fleme \u0130zin Belgesi<\/h5> <\/div> <\/div><\/div> <\/div><div  class=\"col-sm-6 col-md-4 \"> <div  class=\"card row-card bordered y-move\"> <div  class=\"row\"> <div  class=\"col-sm-fit icon-column\"> <a data-cp-link=\"1\" href=\"https:\/\/alternatifgumruk.com\/index.php\/services\" target=\"_self\" rel=\"noopener\"><i  class=\"fa icon color2 fa-connectdevelop bordered round small\"><\/i><\/a> <\/div> <div  class=\"col-sm\" data-type=\"column\"> <h5  class=\"color2\">Teminat Dan\u0131\u015fmanl\u0131\u011f\u0131<\/h5> <\/div> <\/div><\/div> <\/div><div  class=\"col-sm-6 col-md-4 \"> <div  class=\"card row-card bordered y-move\"> <div  class=\"row\"> <div  class=\"col-sm-fit icon-column\"> <a data-cp-link=\"1\" href=\"https:\/\/alternatifgumruk.com\/index.php\/services\" target=\"_self\" rel=\"noopener\"><i  class=\"fa icon color2 fa-connectdevelop bordered round small\"><\/i><\/a> <\/div> <div  class=\"col-sm\" data-type=\"column\"> <h5  class=\"color2\">Reg\u00fclasyon Dan\u0131\u015fmanl\u0131\u011f\u0131 (TSE, Tareks, DTS ve Tar\u0131m Bakanl\u0131\u011f\u0131 \u0130\u015flemleri)<\/h5> <\/div> <\/div><\/div> <\/div><div  class=\"col-sm-6 col-md-4 \"> <div  class=\"card row-card bordered y-move\"> <div  class=\"row\"> <div  class=\"col-sm-fit icon-column\"> <a data-cp-link=\"1\" href=\"https:\/\/alternatifgumruk.com\/index.php\/services\" target=\"_self\" rel=\"noopener\"><i  class=\"fa icon color2 fa-connectdevelop bordered round small\"><\/i><\/a> <\/div> <div  class=\"col-sm\" data-type=\"column\"> <h5  class=\"color2\">Yat\u0131r\u0131m Te\u015fvik Belgesi<\/h5> <\/div> <\/div><\/div> <\/div><\/div> <\/div><\/div><div  id=\"content-13\" style=\"background-color: rgb(255, 255, 255); background-image: none;\" data-label=\"Content\" data-id=\"content-2\" data-export-id=\"content-2\" data-category=\"content\" class=\"content-2 content-section content-section-spacing\"><div > <div  class=\"row middle-xs\"><div  class=\"col-sm-5 bg-image shadow-large-black\" data-bg=\"image\" style=\"background-image: url(&quot;https:\/\/alternatifgumruk.com\/wp-content\/uploads\/2022\/03\/cropped-10.jpg&quot;);\"><\/div> <div  class=\"col-sm-7 full-col-left-padding full-col-right-padding\"> <div  class=\"row\"> <div  data-type=\"column\" class=\"space-bottom-small content-title-col content-center-sm\"><a class=\"button blue\" href=\"https:\/\/alternatifgumruk.com\/index.php\/academy\" target=\"_self\" data-cp-link=\"1\" rel=\"noopener\">AKADEM\u0130<\/a>   <\/div> <\/div> <div  class=\"row spaced-cols\" data-type=\"row\"> <div  class=\"col-xs-6\" data-type=\"column\"> <h5  class=\"\">\u0130thalat \u0130hracat E\u011fitimi<br >G\u00fcmr\u00fck Mevzuat\u0131<br >TSE S\u00fcre\u00e7leri ve CE Uygulamalar\u0131<br >D\u0131\u015f Ticarette Kullan\u0131lan T\u00fcm Belgeler<br >Teslim \u015eekilleri<br >Akreditif \u0130\u015fleyi\u015f Kurallar\u0131<\/h5> <\/div> <div  class=\"col-xs-6\" data-type=\"column\"><h5  class=\"\">Dahilde \u0130\u015fleme Rejimi\r\n<br >\u0130hracatta Devlet Destekleri<br >Yetkilendirilmi\u015f Y\u00fck\u00fcml\u00fcl\u00fck Sistemi<br >Yat\u0131r\u0131m Te\u015fvik Mevzuat\u0131<br >\u00d6deme \u015eekilleri<br >Serbest B\u00f6lge Mevzuat\u0131<\/h5> <\/div> <div  class=\"col-xs-6\" data-type=\"column\"> <\/div> <div  class=\"col-xs-6\" data-type=\"column\"> <\/div> <\/div><\/div> <\/div><\/div> <\/div><div  id=\"team-2\" style=\"background-color: rgb(245, 250, 253); background-image: none;\" data-label=\"Team\" data-id=\"team-2\" data-export-id=\"team-2\" data-category=\"team\" class=\"team-2 content-section content-section-spacing\"><div  class=\"gridContainer\"> <div  class=\"row text-center\"><div  class=\"section-title-col\" data-type=\"column\"><h6  class=\"\">\u00dcyesi Oldu\u011fumuz Kurulu\u015flar<\/h6>  <\/div> <\/div> <div  class=\"row spaced-cols content-center-sm center-sm\" data-type=\"row\">   <div  class=\"col-sm-6 col-md-2 \"> <div  class=\"card y-move no-padding bordered\">  <div  data-type=\"column\" class=\"col-padding-small col-padding-small-xs description-container\">   <div  class=\"social-icons-group\" data-type=\"group\"> <a href=\"#\" target=\"_self\" data-reiki-hidden=\"true\" rel=\"noopener\"><i  class=\"gray fa icon fa-facebook-square\"><\/i><\/a> <a href=\"#\" target=\"_self\" data-reiki-hidden=\"true\" rel=\"noopener\"><i  class=\"gray fa icon fa-twitter-square\"><\/i><\/a> <a href=\"#\" target=\"_self\" data-reiki-hidden=\"true\" rel=\"noopener\"><i  class=\"gray fa icon fa-linkedin-square\"><\/i><\/a> <a href=\"#\" target=\"_self\" data-reiki-hidden=\"true\" rel=\"noopener\"><i  class=\"gray fa icon fa-google-plus-square\"><\/i><\/a><\/div> <a data-cp-link=\"1\" href=\"https:\/\/www.igmd.org.tr\" class=\"\" target=\"_self\" rel=\"noopener\"><img decoding=\"async\"  class=\"custom-image\" src=\"https:\/\/alternatifgumruk.com\/wp-content\/uploads\/2022\/03\/cropped-igmd_logo-1.png\" title=\"cropped-igmd_logo-1.png\" alt=\"\"><\/a><\/div><\/div> <\/div>     <div  class=\"col-sm-6 col-md-2\"> <div  class=\"card y-move no-padding bordered\">  <div  data-type=\"column\" class=\"col-padding-small col-padding-small-xs description-container\">   <div  class=\"social-icons-group\" data-type=\"group\"> <a href=\"#\" target=\"_self\" data-reiki-hidden=\"true\" rel=\"noopener\"><i  class=\"gray fa icon fa-facebook-square\"><\/i><\/a> <a href=\"#\" target=\"_self\" data-reiki-hidden=\"true\" rel=\"noopener\"><i  class=\"gray fa icon fa-twitter-square\"><\/i><\/a> <a href=\"#\" target=\"_self\" data-reiki-hidden=\"true\" rel=\"noopener\"><i  class=\"gray fa icon fa-linkedin-square\"><\/i><\/a> <a href=\"#\" target=\"_self\" data-reiki-hidden=\"true\" rel=\"noopener\"><i  class=\"gray fa icon fa-google-plus-square\"><\/i><\/a><\/div> <a data-cp-link=\"1\" href=\"https:\/\/www.ito.org.tr\/tr\" class=\"\" target=\"_self\" rel=\"noopener\"><img decoding=\"async\"  class=\"custom-image\" src=\"https:\/\/alternatifgumruk.com\/wp-content\/uploads\/2022\/03\/cropped-ito_logo-1.png\" title=\"cropped-ito_logo-1.png\" alt=\"\"><\/a><\/div><\/div> <\/div><div  class=\"col-sm-6 col-md-2\"> <div  class=\"card y-move no-padding bordered\">  <div  data-type=\"column\" class=\"col-padding-small col-padding-small-xs description-container\">   <div  class=\"social-icons-group\" data-type=\"group\"> <a href=\"#\" target=\"_self\" data-reiki-hidden=\"true\" rel=\"noopener\"><i  class=\"gray fa icon fa-facebook-square\"><\/i><\/a> <a href=\"#\" target=\"_self\" data-reiki-hidden=\"true\" rel=\"noopener\"><i  class=\"gray fa icon fa-twitter-square\"><\/i><\/a> <a href=\"#\" target=\"_self\" data-reiki-hidden=\"true\" rel=\"noopener\"><i  class=\"gray fa icon fa-linkedin-square\"><\/i><\/a> <a href=\"#\" target=\"_self\" data-reiki-hidden=\"true\" rel=\"noopener\"><i  class=\"gray fa icon fa-google-plus-square\"><\/i><\/a><\/div> <a data-cp-link=\"1\" href=\"https:\/\/tim.org.tr\/tr\/default\" class=\"\" target=\"_self\" rel=\"noopener\"><img decoding=\"async\"  class=\"custom-image\" src=\"https:\/\/alternatifgumruk.com\/wp-content\/uploads\/2022\/03\/cropped-tim_logo-1.png\" title=\"cropped-tim_logo-1.png\" alt=\"\"><\/a><\/div><\/div> <\/div><\/div> <\/div><\/div><div  id=\"contact-1\" data-label=\"Contact\" data-id=\"contact-1\" data-export-id=\"contact-1\" data-category=\"contact\" class=\"contact-1 content-section content-section-spacing white-text\" data-parallax-depth=\"20\" style=\"background-size: cover; background-position: center top; background-image: url(&quot;https:\/\/alternatifgumruk.com\/wp-content\/uploads\/2022\/03\/1.jpg&quot;);\"><div  class=\"gridContainer\"> <div  class=\"row text-center\"><div  class=\"section-title-col\" data-type=\"column\"> <h2  class=\"\">\u0130leti\u015fim Formu<\/h2> <\/div> <\/div> <div  class=\"row text-center\"> <div  class=\"col-xs-12 col-sm-8 col-sm-offset-2 contact-form-wrapper inline-info\"> <div  class=\"card large-padding\"> <div  class=\"\" data-content-shortcode=\"mesmerize_contact_form shortcode=&quot;wpforms id=&amp;amp;quot;76&amp;amp;quot;&quot;\" data-editable=\"true\"><div class=\"wpforms-container wpforms-container-full\" id=\"wpforms-76\"><form id=\"wpforms-form-76\" class=\"wpforms-validate wpforms-form wpforms-ajax-form\" data-formid=\"76\" method=\"post\" enctype=\"multipart\/form-data\" action=\"\/index.php\/wp-json\/wp\/v2\/pages\/35\" data-token=\"cbc6b9920a679a547554d4b320c30773\" data-token-time=\"1777581166\"><noscript class=\"wpforms-error-noscript\">Bu formu bitirebilmek i\u00e7in taray\u0131c\u0131n\u0131zda JavaScript&#039;i etkinle\u015ftirin.<\/noscript><div class=\"wpforms-field-container\"><div id=\"wpforms-76-field_0-container\" class=\"wpforms-field wpforms-field-name\" data-field-id=\"0\"><label class=\"wpforms-field-label\" for=\"wpforms-76-field_0\">Ad-Soyad <span class=\"wpforms-required-label\">*<\/span><\/label><div class=\"wpforms-field-row wpforms-field-medium\"><div class=\"wpforms-field-row-block wpforms-first wpforms-one-half\"><input type=\"text\" id=\"wpforms-76-field_0\" class=\"wpforms-field-name-first wpforms-field-required\" name=\"wpforms[fields][0][first]\" placeholder=\"Ad\" required><label for=\"wpforms-76-field_0\" class=\"wpforms-field-sublabel after wpforms-sublabel-hide\">Ad<\/label><\/div><div class=\"wpforms-field-row-block wpforms-one-half\"><input type=\"text\" id=\"wpforms-76-field_0-last\" class=\"wpforms-field-name-last wpforms-field-required\" name=\"wpforms[fields][0][last]\" placeholder=\"Soyad\" required><label for=\"wpforms-76-field_0-last\" class=\"wpforms-field-sublabel after wpforms-sublabel-hide\">Soyad<\/label><\/div><\/div><\/div><div id=\"wpforms-76-field_1-container\" class=\"wpforms-field wpforms-field-email\" data-field-id=\"1\"><label class=\"wpforms-field-label\" for=\"wpforms-76-field_1\">Email <span class=\"wpforms-required-label\">*<\/span><\/label><input type=\"email\" id=\"wpforms-76-field_1\" class=\"wpforms-field-medium wpforms-field-required\" name=\"wpforms[fields][1]\" spellcheck=\"false\" required><\/div><div id=\"wpforms-76-field_2-container\" class=\"wpforms-field wpforms-field-textarea\" data-field-id=\"2\"><label class=\"wpforms-field-label\" for=\"wpforms-76-field_2\">Mesaj\u0131n\u0131z <span class=\"wpforms-required-label\">*<\/span><\/label><textarea id=\"wpforms-76-field_2\" class=\"wpforms-field-medium wpforms-field-required\" name=\"wpforms[fields][2]\" required><\/textarea><\/div><\/div><!-- .wpforms-field-container --><div class=\"wpforms-submit-container\" ><input type=\"hidden\" name=\"wpforms[id]\" value=\"76\"><input type=\"hidden\" name=\"page_title\" value=\"\"><input type=\"hidden\" name=\"page_url\" value=\"https:\/\/alternatifgumruk.com\/index.php\/wp-json\/wp\/v2\/pages\/35\"><input type=\"hidden\" name=\"url_referer\" value=\"\"><button type=\"submit\" name=\"wpforms[submit]\" id=\"wpforms-submit-76\" class=\"wpforms-submit\" data-alt-text=\"G\u00f6nderiliyor...\" data-submit-text=\"Payla\u015f\" aria-live=\"assertive\" value=\"wpforms-submit\">Payla\u015f<\/button><img loading=\"lazy\" decoding=\"async\" src=\"https:\/\/alternatifgumruk.com\/wp-content\/plugins\/wpforms-lite\/assets\/images\/submit-spin.svg\" class=\"wpforms-submit-spinner\" style=\"display: none;\" width=\"26\" height=\"26\" alt=\"Y\u00fckleniyor\"><\/div><\/form><\/div>  <!-- .wpforms-container --><\/div><\/div> <\/div><\/div> <\/div><\/div>","protected":false},"excerpt":{"rendered":"<p>M\u0130SYONUMUZ Hizmet verdi\u011fimiz alanlarda, ihtiya\u00e7lar \u00f6l\u00e7\u00fcs\u00fcnde \u00e7\u00f6z\u00fcme k\u0131sa s\u00fcrede ula\u015fmak ve kaliteli anlay\u0131\u015f\u0131m\u0131zdan \u00f6d\u00fcn vermeden s\u00fcrd\u00fcr\u00fclebilir hizmet vermek. V\u0130ZYONUMUZ Uluslararas\u0131 \u00f6l\u00e7eklerde kaliteli ve yenilik\u00e7i bak\u0131\u015f a\u00e7\u0131s\u0131yla lojistik ve g\u00fcmr\u00fckleme alan\u0131nda, hizmette lider olmak. DANI\u015eMANLIK H\u0130ZMETLER\u0130M\u0130Z Alternatif SD , d\u0131\u015f ticaret ve g\u00fcmr\u00fckleme alan\u0131nda firmalar\u0131n ihtiyac\u0131 olan her konuda; tecr\u00fcbeli kadrolar\u0131 ve alt yap\u0131s\u0131 sayesinde dan\u0131\u015fmanl\u0131k&hellip; <br \/> <a class=\"read-more\" href=\"https:\/\/alternatifgumruk.com\/\">Devam\u0131<\/a><\/p>\n","protected":false},"author":1,"featured_media":0,"parent":0,"menu_order":0,"comment_status":"closed","ping_status":"closed","template":"page-templates\/homepage.php","meta":{"footnotes":""},"class_list":["post-35","page","type-page","status-publish","hentry"],"_links":{"self":[{"href":"https:\/\/alternatifgumruk.com\/index.php\/wp-json\/wp\/v2\/pages\/35","targetHints":{"allow":["GET"]}}],"collection":[{"href":"https:\/\/alternatifgumruk.com\/index.php\/wp-json\/wp\/v2\/pages"}],"about":[{"href":"https:\/\/alternatifgumruk.com\/index.php\/wp-json\/wp\/v2\/types\/page"}],"author":[{"embeddable":true,"href":"https:\/\/alternatifgumruk.com\/index.php\/wp-json\/wp\/v2\/users\/1"}],"replies":[{"embeddable":true,"href":"https:\/\/alternatifgumruk.com\/index.php\/wp-json\/wp\/v2\/comments?post=35"}],"version-history":[{"count":19,"href":"https:\/\/alternatifgumruk.com\/index.php\/wp-json\/wp\/v2\/pages\/35\/revisions"}],"predecessor-version":[{"id":131,"href":"https:\/\/alternatifgumruk.com\/index.php\/wp-json\/wp\/v2\/pages\/35\/revisions\/131"}],"wp:attachment":[{"href":"https:\/\/alternatifgumruk.com\/index.php\/wp-json\/wp\/v2\/media?parent=35"}],"curies":[{"name":"wp","href":"https:\/\/api.w.org\/{rel}","templated":true}]}}