{"id":91,"date":"2022-03-13T21:50:14","date_gmt":"2022-03-13T21:50:14","guid":{"rendered":"https:\/\/alternatifgumruk.com\/?page_id=91"},"modified":"2025-02-14T23:03:20","modified_gmt":"2025-02-14T20:03:20","slug":"services","status":"publish","type":"page","link":"https:\/\/alternatifgumruk.com\/index.php\/services\/","title":{"rendered":"Dan\u0131\u015fmanl\u0131k Hizmetleri"},"content":{"rendered":"\n<div class=\"wp-block-columns is-layout-flex wp-container-core-columns-is-layout-9d6595d7 wp-block-columns-is-layout-flex\">\n<div class=\"wp-block-column is-layout-flow wp-block-column-is-layout-flow\">\n<p><strong>Dahilde \u0130\u015fleme \u0130zin Belgesi<\/strong><\/p>\n\n\n\n<p>Alternatif SD, b\u00fcnyesinde yer alan Te\u015fvik departman\u0131 ile, firmalara Dahilde \u0130\u015fleme \u0130zin Belgesi al\u0131m\u0131, kapat\u0131lmas\u0131, revizesi gibi t\u00fcm konularda dan\u0131\u015fmanl\u0131k hizmeti vermekte; G\u00fcmr\u00fck M\u00fc\u015favirli\u011fi hizmeti vermekte oldu\u011fu firmalar\u0131n D\u0130\u0130B\u2019lerini takip etmektedir.<\/p>\n<\/div>\n\n\n\n<div class=\"wp-block-column is-layout-flow wp-block-column-is-layout-flow\">\n<p><strong>Hari\u00e7te \u0130\u015fleme \u0130zin Belgesi<\/strong><\/p>\n\n\n\n<p>Firmalar\u0131n Hari\u00e7te \u0130\u015fleme \u0130zin Belgesi al\u0131mlar\u0131 ve takibi konusunda yine b\u00fcnyemizde yer alan te\u015fvik departman\u0131 sayesinde dan\u0131\u015fmanl\u0131k hizmetleri sunmaktay\u0131z.<\/p>\n<\/div>\n<\/div>\n\n\n\n<div class=\"wp-block-columns is-layout-flex wp-container-core-columns-is-layout-9d6595d7 wp-block-columns-is-layout-flex\">\n<div class=\"wp-block-column is-layout-flow wp-block-column-is-layout-flow\">\n<p><strong>Yat\u0131r\u0131m Te\u015fvik Belgesi<\/strong><\/p>\n\n\n\n<p>Yat\u0131r\u0131mc\u0131lar\u0131n te\u015fvik ara\u00e7lar\u0131ndan sa\u011flayacaklar\u0131 destek katk\u0131lar\u0131; Te\u015fvik Sistemi, Genel Te\u015fvik Uygulamalar\u0131, B\u00f6lgesel Te\u015fvik Uygulamalar\u0131, B\u00fcy\u00fck \u00d6l\u00e7ekli Yat\u0131r\u0131mlar ve Stratejik Yat\u0131r\u0131mlar olup, dokuz farkl\u0131 te\u015fvik arac\u0131 ile de\u011fi\u015fen yat\u0131r\u0131m destek unsurlar\u0131na g\u00f6re destekler \u00e7e\u015fitlilik g\u00f6stermektedir.<\/p>\n\n\n\n<p>Alternatif SD ,firmalar\u0131n ihtiya\u00e7 duymas\u0131 halinde Yat\u0131r\u0131m Te\u015fvik Belgesinin al\u0131m\u0131 a\u015famas\u0131ndan kapanmas\u0131na kadar olan t\u00fcm s\u00fcrece y\u00f6nelik dan\u0131\u015fmanl\u0131k hizmeti sunmaktad\u0131r.\u00a0\u00a0\u00a0\u00a0<\/p>\n<\/div>\n\n\n\n<div class=\"wp-block-column is-layout-flow wp-block-column-is-layout-flow\">\n<p><strong>Reg\u00fclasyon Dan\u0131\u015fmanl\u0131\u011f\u0131 (TSE, Tareks, DTS ve Tar\u0131m Bakanl\u0131\u011f\u0131 \u0130\u015flemleri)<\/strong><\/p>\n\n\n\n<p>Alternatif SD, firmalar\u0131n ithalat\u0131n\u0131 ger\u00e7ekle\u015ftirdi\u011fi \u00fcr\u00fcn kategorisine ba\u011fl\u0131 olarak, TSE, DTS veya Tareks s\u00fcre\u00e7lerini bizzat takip etmekte, onlar ad\u0131na kurumlara ba\u015fvurular\u0131 ger\u00e7ekle\u015ftirmekte ve sonu\u00e7land\u0131rmaktad\u0131r.<\/p>\n\n\n\n<p>B\u00fcnyemizde yer alan reg\u00fclasyon departman\u0131n\u0131n varl\u0131\u011f\u0131, konunun uzman\u0131 olan ki\u015filerin sadece bu alana odaklanmalar\u0131 i\u015flemlerin h\u0131zl\u0131 ve kusursuz sonu\u00e7lanmas\u0131n\u0131 sa\u011flamaktad\u0131r. M\u00fc\u015fterilerimiz, E- Alternatif SD arac\u0131l\u0131\u011f\u0131 ile t\u00fcm s\u00fcre\u00e7lerini online olarak takip edebilmektedirler.<\/p>\n<\/div>\n<\/div>\n\n\n\n<div class=\"wp-block-columns is-layout-flex wp-container-core-columns-is-layout-9d6595d7 wp-block-columns-is-layout-flex\">\n<div class=\"wp-block-column is-layout-flow wp-block-column-is-layout-flow\">\n<p><strong>Teminat Dan\u0131\u015fmanl\u0131\u011f\u0131<\/strong><\/p>\n\n\n\n<p>Alternatif SD, teminatlar\u0131n yat\u0131r\u0131lmas\u0131, geri al\u0131nmas\u0131 gibi s\u00fcre\u00e7leri, teminat departman\u0131 arac\u0131l\u0131\u011f\u0131 ile y\u00fcr\u00fct\u00fcrken, konusunda uzman kadrolar\u0131 sayesinde kusursuz bir hizmet sunarken, firmalar\u0131n t\u00fcm bu s\u00fcreci online sistemimizden takip etme imkan\u0131n\u0131 da beraberinde sunmaktad\u0131r.<\/p>\n<\/div>\n\n\n\n<div class=\"wp-block-column is-layout-flow wp-block-column-is-layout-flow\"><\/div>\n<\/div>\n","protected":false},"excerpt":{"rendered":"<p>Dahilde \u0130\u015fleme \u0130zin Belgesi Alternatif SD, b\u00fcnyesinde yer alan Te\u015fvik departman\u0131 ile, firmalara Dahilde \u0130\u015fleme \u0130zin Belgesi al\u0131m\u0131, kapat\u0131lmas\u0131, revizesi gibi t\u00fcm konularda dan\u0131\u015fmanl\u0131k hizmeti vermekte; G\u00fcmr\u00fck M\u00fc\u015favirli\u011fi hizmeti vermekte oldu\u011fu firmalar\u0131n D\u0130\u0130B\u2019lerini takip etmektedir. Hari\u00e7te \u0130\u015fleme \u0130zin Belgesi Firmalar\u0131n Hari\u00e7te \u0130\u015fleme \u0130zin Belgesi al\u0131mlar\u0131 ve takibi konusunda yine b\u00fcnyemizde yer alan te\u015fvik departman\u0131 sayesinde&hellip; <br \/> <a class=\"read-more\" href=\"https:\/\/alternatifgumruk.com\/index.php\/services\/\">Devam\u0131<\/a><\/p>\n","protected":false},"author":1,"featured_media":0,"parent":0,"menu_order":0,"comment_status":"closed","ping_status":"closed","template":"","meta":{"footnotes":""},"class_list":["post-91","page","type-page","status-publish","hentry"],"_links":{"self":[{"href":"https:\/\/alternatifgumruk.com\/index.php\/wp-json\/wp\/v2\/pages\/91","targetHints":{"allow":["GET"]}}],"collection":[{"href":"https:\/\/alternatifgumruk.com\/index.php\/wp-json\/wp\/v2\/pages"}],"about":[{"href":"https:\/\/alternatifgumruk.com\/index.php\/wp-json\/wp\/v2\/types\/page"}],"author":[{"embeddable":true,"href":"https:\/\/alternatifgumruk.com\/index.php\/wp-json\/wp\/v2\/users\/1"}],"replies":[{"embeddable":true,"href":"https:\/\/alternatifgumruk.com\/index.php\/wp-json\/wp\/v2\/comments?post=91"}],"version-history":[{"count":1,"href":"https:\/\/alternatifgumruk.com\/index.php\/wp-json\/wp\/v2\/pages\/91\/revisions"}],"predecessor-version":[{"id":92,"href":"https:\/\/alternatifgumruk.com\/index.php\/wp-json\/wp\/v2\/pages\/91\/revisions\/92"}],"wp:attachment":[{"href":"https:\/\/alternatifgumruk.com\/index.php\/wp-json\/wp\/v2\/media?parent=91"}],"curies":[{"name":"wp","href":"https:\/\/api.w.org\/{rel}","templated":true}]}}