{"id":95,"date":"2022-03-13T21:52:09","date_gmt":"2022-03-13T21:52:09","guid":{"rendered":"https:\/\/alternatifgumruk.com\/?page_id=95"},"modified":"2025-02-14T23:03:39","modified_gmt":"2025-02-14T20:03:39","slug":"gumruk-musavirligi","status":"publish","type":"page","link":"https:\/\/alternatifgumruk.com\/index.php\/gumruk-musavirligi\/","title":{"rendered":"G\u00fcmr\u00fck M\u00fc\u015favirli\u011fi"},"content":{"rendered":"\n<p>G\u00fcmr\u00fck M\u00fc\u015favirli\u011fi\u00a0hizmeti, alternatif SD\u2019nin ana faaliyet konusunu olu\u015fturmaktad\u0131r. G\u00fcn\u00fcm\u00fcz d\u0131\u015f ticaretinde i\u015flemlerin tamamlanabilmesi i\u00e7in do\u011frudan temsilci ile i\u015flemlerini sonu\u00e7land\u0131rmak isteyen firmalar\u0131n ihtiya\u00e7 duyaca\u011f\u0131 t\u00fcm hizmetler taraf\u0131m\u0131zca verilmektedir. Alternatif SD, t\u00fcm b\u00f6lgelerde G\u00fcmr\u00fck M\u00fc\u015favirli\u011fi hizmetlerini operasyonlar\u0131n\u0131 deneyimli ve uzman kadrolar\u0131 ile s\u00fcrd\u00fcrebilmektedir. Hizmetlerimizi biraz daha detayl\u0131 olarak tan\u0131tarak a\u015fa\u011f\u0131daki \u015fekilde s\u0131ralayabiliriz;<\/p>\n\n\n\n<ul class=\"wp-block-list\"><li>G\u00fcmr\u00fck mevzuat\u0131n\u0131n gerektirdi\u011fi i\u015flemleri ve buna ili\u015fkin t\u00fcm b\u00fcrokratik s\u00fcreci kusursuz bir \u015fekilde y\u00fcr\u00fctmek,<\/li><li>Temsil etti\u011fi ki\u015fi ve kurulu\u015flar\u0131n hukuki haklar\u0131n\u0131, \u00e7\u0131karlar\u0131n\u0131 ve yararlar\u0131n\u0131 g\u00f6zetmek,<\/li><li>Firmalara g\u00fcmr\u00fck ve d\u0131\u015f ticaret konular\u0131nda, t\u00fcm d\u0131\u015f ticaret s\u00fcre\u00e7lerini de i\u00e7ine alacak \u015fekilde dan\u0131\u015fmanl\u0131k hizmeti vermek,<\/li><li>M\u00fc\u015fterilerimizin mevcut durumlar\u0131n\u0131 analiz ederek, ithalata veya ihracata konu e\u015fyalar\u0131n\u0131n g\u00fcmr\u00fck rejimlerini al\u0131nan bilgiler ve sunulan evraklar do\u011frultusunda tespit etmek ve uygulamak,<\/li><li>G\u00fcmr\u00fck beyannamelerini tanzim etmek ve g\u00fcmr\u00fck s\u00fcre\u00e7lerine tabi tutmak,<\/li><li>G\u00fcmr\u00fck vergilerini hesaplayarak m\u00fc\u015fteriye bildirmek,<\/li><li>G\u00fcmr\u00fck beyannamesinin m\u00fckellef n\u00fcshas\u0131, fatura, dekont, makbuz ve benzeri belgeleri makul s\u00fcre i\u00e7erisinde m\u00fc\u015fteriye teslim etmek,<\/li><li>M\u00fc\u015fterilerimizin talebi \u00fczerine, gelen e\u015fyada hasar veya yanl\u0131\u015fl\u0131k varsa bunlara ili\u015fkin tespit yapmak ve tutanaklar\u0131n\u0131 d\u00fczenlemek,<\/li><li>Tespit edilen eksiklik veya hasarlara ili\u015fkin tutanak d\u00fczenlemek; m\u00fc\u015fteriyi ve di\u011fer ilgili kurumlara bilgi vermek ve s\u00fcreci takip etmek,<\/li><li>Acente ve g\u00fcmr\u00fck saymanl\u0131klar\u0131nda olu\u015fan depozito veya teminatlar\u0131n \u00e7\u00f6z\u00fclmesini sa\u011flamak,<\/li><li>\u0130thalata veya ihracata konu e\u015fyan\u0131n G\u00fcmr\u00fck Tarife \u0130statistik Pozisyonunu mevzuata g\u00f6re tespit etmek,<\/li><li>M\u00fc\u015fterilerin evrak s\u00fcre\u00e7lerini takip etmek ve sa\u011flamak,<\/li><li>Dahilde \u0130\u015fleme, Hari\u00e7te \u0130\u015fleme, Yat\u0131r\u0131m Te\u015fvik belgesi gibi te\u015fvik belgelerine dair izinleri almak, bunlar\u0131 takip etmek ve raporlamak,<\/li><li>Beyannamede yer alan \u00fcr\u00fcn grubuna ba\u011fl\u0131 olarak ilgili kamu kurum ve kurulu\u015flardan al\u0131nacak izinleri takip etmek,<\/li><li>G\u00fcmr\u00fckl\u00fc sahalardaki fiziki hareketlerin ger\u00e7ekle\u015ftirilmesine destek vermek ve fiili operasyonu bizzat takip etmek,<\/li><li>Gerek halinde; m\u00fc\u015fteri ad\u0131na Ba\u011flay\u0131c\u0131 Tarife veya Ba\u011flay\u0131c\u0131 Men\u015fe al\u0131nmas\u0131na ili\u015fkin olarak s\u00fcreci y\u00fcr\u00fctmek ve takip etmek,<\/li><li>\u0130hracat i\u015flemlerinin gerektirdi\u011fi t\u00fcm \u00f6n m\u00fcsaadeleri almak; dola\u015f\u0131m ve men\u015fe ispat edici belgeleri onaylatmak,<\/li><li>\u0130hracat Beyanname kapamalar\u0131n\u0131 takip ederek, firmalara raporlamak,<\/li><li>Ya\u015fanacak olas\u0131 vergi ve ceza ihtilaflar\u0131nda G\u00fcmr\u00fck ve Ticaret B\u00f6lge M\u00fcd\u00fcrl\u00fcklerine veya Ticaret Bakanl\u0131\u011f\u0131\u2019n\u0131n ilgili makam\u0131na firmalar ad\u0131na yap\u0131lacak uzla\u015fma m\u00fcracaatlar\u0131n\u0131 ger\u00e7ekle\u015ftirmek,<\/li><li>Reg\u00fclasyonun gerektirdi\u011fi; TSE, Tareks, Standardizasyon Uygulamalar\u0131 ba\u015fvurular\u0131n\u0131 yapmak, s\u00fcreci takip etmek,<\/li><li>M\u00fc\u015fteriler ad\u0131na t\u00fcm belgelerini elektronik olarak ar\u015fivlemek,<\/li><\/ul>\n\n\n\n<ul class=\"wp-block-list\"><li>Firmalar\u0131n t\u00fcm verilerini e-Alternatif SD arac\u0131l\u0131\u011f\u0131yla onlara raporlamak, anl\u0131k olarak i\u015f takibi yapabilmelerine olanak vermek, operasyonun a\u015famalar\u0131n\u0131 i\u015f takip bildirimleri ile anl\u0131k olarak iletmek.<\/li><\/ul>\n","protected":false},"excerpt":{"rendered":"<p>G\u00fcmr\u00fck M\u00fc\u015favirli\u011fi\u00a0hizmeti, alternatif SD\u2019nin ana faaliyet konusunu olu\u015fturmaktad\u0131r. G\u00fcn\u00fcm\u00fcz d\u0131\u015f ticaretinde i\u015flemlerin tamamlanabilmesi i\u00e7in do\u011frudan temsilci ile i\u015flemlerini sonu\u00e7land\u0131rmak isteyen firmalar\u0131n ihtiya\u00e7 duyaca\u011f\u0131 t\u00fcm hizmetler taraf\u0131m\u0131zca verilmektedir. Alternatif SD, t\u00fcm b\u00f6lgelerde G\u00fcmr\u00fck M\u00fc\u015favirli\u011fi hizmetlerini operasyonlar\u0131n\u0131 deneyimli ve uzman kadrolar\u0131 ile s\u00fcrd\u00fcrebilmektedir. Hizmetlerimizi biraz daha detayl\u0131 olarak tan\u0131tarak a\u015fa\u011f\u0131daki \u015fekilde s\u0131ralayabiliriz; G\u00fcmr\u00fck mevzuat\u0131n\u0131n gerektirdi\u011fi i\u015flemleri ve&hellip; <br \/> <a class=\"read-more\" href=\"https:\/\/alternatifgumruk.com\/index.php\/gumruk-musavirligi\/\">Devam\u0131<\/a><\/p>\n","protected":false},"author":1,"featured_media":0,"parent":0,"menu_order":0,"comment_status":"closed","ping_status":"closed","template":"","meta":{"footnotes":""},"class_list":["post-95","page","type-page","status-publish","hentry"],"_links":{"self":[{"href":"https:\/\/alternatifgumruk.com\/index.php\/wp-json\/wp\/v2\/pages\/95","targetHints":{"allow":["GET"]}}],"collection":[{"href":"https:\/\/alternatifgumruk.com\/index.php\/wp-json\/wp\/v2\/pages"}],"about":[{"href":"https:\/\/alternatifgumruk.com\/index.php\/wp-json\/wp\/v2\/types\/page"}],"author":[{"embeddable":true,"href":"https:\/\/alternatifgumruk.com\/index.php\/wp-json\/wp\/v2\/users\/1"}],"replies":[{"embeddable":true,"href":"https:\/\/alternatifgumruk.com\/index.php\/wp-json\/wp\/v2\/comments?post=95"}],"version-history":[{"count":1,"href":"https:\/\/alternatifgumruk.com\/index.php\/wp-json\/wp\/v2\/pages\/95\/revisions"}],"predecessor-version":[{"id":96,"href":"https:\/\/alternatifgumruk.com\/index.php\/wp-json\/wp\/v2\/pages\/95\/revisions\/96"}],"wp:attachment":[{"href":"https:\/\/alternatifgumruk.com\/index.php\/wp-json\/wp\/v2\/media?parent=95"}],"curies":[{"name":"wp","href":"https:\/\/api.w.org\/{rel}","templated":true}]}}